{"id":5935,"date":"2025-05-26T19:33:28","date_gmt":"2025-05-26T18:33:28","guid":{"rendered":"https:\/\/www.ptujska-klet.si\/trgovina\/?post_type=product&#038;p=5935"},"modified":"2025-05-26T19:35:43","modified_gmt":"2025-05-26T18:35:43","slug":"halozan-05l","status":"publish","type":"product","link":"https:\/\/www.ptujska-klet.si\/trgovina\/izdelek\/halozan-05l\/","title":{"rendered":"Halo\u017ean, 0,5l"},"content":{"rendered":"<p>Sedaj tudi v mini obliki!<\/p>\n<p>Tipi\u010dna sadna cvetica Halo\u017eana nas spominja na belo cvetje, limono, rumena jabolka in tudi ko\u0161\u010di\u010dasto sadje. \u010cista prijetna aromatika napeljuje k sve\u017eini tudi v ustih, saj je vino lahkotno, mladostno in izrazito sadno. Ostanek sladkorja se lepo dopolnjuje s so\u010dno kislino, izpopolnjen okus in prijetno telo vino pospremita v zaokro\u017eeno celoto. Idealen za osve\u017eitev z mineralno vodo, ob vsakem nedeljskem kosilu, pa tudi vmes, tudi kot za\u010dimba za razne omake, obare, juhe in druge enolon\u010dnice. Vsestransko vino. Polnimo ga vsako leto\u00a0 \u017ee od leta 1962.<\/p>\n<h6>Podatki o vinu<\/h6>\n<p style=\"text-align: left;\"><strong>Barva:<\/strong> Belo<br \/>\n<strong>Sladkorna stopnja:<\/strong> Suho<br \/>\n<strong>Sorte (po abecednem vrstnem redu):<\/strong> Beli pinot, Chardonnay, La\u0161ki rizling, Renski rizling, Rizvanec, Rumeni mu\u0161kat, Sauvignon, \u0160ipon&#8230;<\/p>\n<p style=\"text-align: left;\"><strong>Letnik:<\/strong> 2024<br \/>\n<strong>Enota mere:<\/strong> 500ml \/ 0,5 liter<br \/>\n<strong>\u0160t. steklenic v kartonu:<\/strong> 6<\/p>\n<p><strong>Priznanja:<\/strong> Halo\u017ean 2024 SREBRNA MEDALJA: AWC VIENNA 2025, Halo\u017ean 2020, SREBRNA MEDALJA, Halo\u017ean 2019: SREBRNA MEDALJA: AWC Vienna 2020, Halo\u017ean 2016: ZLATA MEDALJA AWC Vienna 2017; SREBRNA MEDALJA Gornja Radgona 2017, Halo\u017ean 2015: SREBRNA MEDALJA AWC Vienna 2016<\/p>\n","protected":false},"excerpt":{"rendered":"<div class=\"page-section__generator page-section__generator--top g12-xs g11-md g10-lg g8-xl\">\n<div class=\"page-generator__text page-generator__text--top js-generator-text\">\n<div id=\"output\" class=\"page-generator__output js-generator-output\">\n<div class=\"page-section__generator page-section__generator--top g12-xs g11-md g10-lg g8-xl\">\n<div class=\"page-generator__text page-generator__text--top js-generator-text\">\n<div id=\"output\" class=\"page-generator__output js-generator-output\">\n<p>Tipi\u010dna sadna cvetica Halo\u017eana nas spominja na belo cvetje, limono, rumena jabolka in tudi ko\u0161\u010di\u010dasto sadje. \u010cista prijetna aromatika napeljuje k sve\u017eini tudi v ustih, saj je vino lahkotno, mladostno in izrazito sadno. Ostanek sladkorja se lepo dopolnjuje s so\u010dno kislino, izpopolnjen okus in prijetno telo vino pospremita v zaokro\u017eeno celoto. Idealen za osve\u017eitev z mineralno vodo, ob vsakem nedeljskem kosilu, pa tudi vmes, tudi kot za\u010dimba za razne omake, obare, juhe in druge enolon\u010dnice. Vsestransko vino.<\/p>\n<\/div>\n<\/div>\n<\/div>\n<\/div>\n<\/div>\n<\/div>\n","protected":false},"featured_media":5936,"template":"","meta":[],"product_brand":[],"product_cat":[33],"product_tag":[23],"class_list":{"0":"post-5935","1":"product","2":"type-product","3":"status-publish","4":"has-post-thumbnail","6":"product_cat-halozan","7":"product_tag-zvrst","9":"first","10":"instock","11":"taxable","12":"shipping-taxable","13":"purchasable","14":"product-type-simple"},"yoast_head":"<!-- This site is optimized with the Yoast SEO plugin v27.3 - https:\/\/yoast.com\/product\/yoast-seo-wordpress\/ -->\n<title>Halo\u017ean, 0,5l - Ptujska Klet<\/title>\n<meta name=\"description\" content=\"PRIDE TUDI NA DOM! NARO\u010cITE SI GA TUKAJ! V URADNI SPLETNI TRGOVINI PULLUS\/PTUJSKA KLET. Halo\u017ean iz Ptujske kleti je vino z bogato tradicijo. Ptujska klet ga polni od 1962.leta. Halo\u017ean je tudi zelo priljubljen. Halo\u017ean je eno izmed najbolje prodajanih slovenskih vin nasploh. Najdemo ga skoraj v vsakem hladilniku. Tudi v va\u0161em? :-) Ne?\" \/>\n<meta name=\"robots\" content=\"index, follow, max-snippet:-1, max-image-preview:large, max-video-preview:-1\" \/>\n<link rel=\"canonical\" href=\"https:\/\/www.ptujska-klet.si\/trgovina\/izdelek\/halozan-05l\/\" \/>\n<meta property=\"og:locale\" content=\"sl_SI\" \/>\n<meta property=\"og:type\" content=\"article\" \/>\n<meta property=\"og:title\" content=\"Halo\u017ean, 0,5l - Ptujska Klet\" \/>\n<meta property=\"og:description\" content=\"PRIDE TUDI NA DOM! NARO\u010cITE SI GA TUKAJ! V URADNI SPLETNI TRGOVINI PULLUS\/PTUJSKA KLET. Halo\u017ean iz Ptujske kleti je vino z bogato tradicijo. Ptujska klet ga polni od 1962.leta. Halo\u017ean je tudi zelo priljubljen. Halo\u017ean je eno izmed najbolje prodajanih slovenskih vin nasploh. Najdemo ga skoraj v vsakem hladilniku. Tudi v va\u0161em? :-) Ne?\" \/>\n<meta property=\"og:url\" content=\"https:\/\/www.ptujska-klet.si\/trgovina\/izdelek\/halozan-05l\/\" \/>\n<meta property=\"og:site_name\" content=\"Ptujska Klet\" \/>\n<meta property=\"article:modified_time\" content=\"2025-05-26T18:35:43+00:00\" \/>\n<meta property=\"og:image\" content=\"https:\/\/www.ptujska-klet.si\/trgovina\/wp-content\/uploads\/2025\/05\/thumbnail_PK_WEB_Halozan-05-mini-768-x-983.jpg\" \/>\n\t<meta property=\"og:image:width\" content=\"1024\" \/>\n\t<meta property=\"og:image:height\" content=\"1311\" \/>\n\t<meta property=\"og:image:type\" content=\"image\/jpeg\" \/>\n<meta name=\"twitter:card\" content=\"summary_large_image\" \/>\n<meta name=\"twitter:label1\" content=\"Est. reading time\" \/>\n\t<meta name=\"twitter:data1\" content=\"2 minuti\" \/>\n<script type=\"application\/ld+json\" class=\"yoast-schema-graph\">{\"@context\":\"https:\\\/\\\/schema.org\",\"@graph\":[{\"@type\":\"WebPage\",\"@id\":\"https:\\\/\\\/www.ptujska-klet.si\\\/trgovina\\\/izdelek\\\/halozan-05l\\\/\",\"url\":\"https:\\\/\\\/www.ptujska-klet.si\\\/trgovina\\\/izdelek\\\/halozan-05l\\\/\",\"name\":\"Halo\u017ean, 0,5l - Ptujska Klet\",\"isPartOf\":{\"@id\":\"https:\\\/\\\/www.ptujska-klet.si\\\/trgovina\\\/#website\"},\"primaryImageOfPage\":{\"@id\":\"https:\\\/\\\/www.ptujska-klet.si\\\/trgovina\\\/izdelek\\\/halozan-05l\\\/#primaryimage\"},\"image\":{\"@id\":\"https:\\\/\\\/www.ptujska-klet.si\\\/trgovina\\\/izdelek\\\/halozan-05l\\\/#primaryimage\"},\"thumbnailUrl\":\"https:\\\/\\\/www.ptujska-klet.si\\\/trgovina\\\/wp-content\\\/uploads\\\/2025\\\/05\\\/thumbnail_PK_WEB_Halozan-05-mini-768-x-983.jpg\",\"datePublished\":\"2025-05-26T18:33:28+00:00\",\"dateModified\":\"2025-05-26T18:35:43+00:00\",\"description\":\"PRIDE TUDI NA DOM! NARO\u010cITE SI GA TUKAJ! V URADNI SPLETNI TRGOVINI PULLUS\\\/PTUJSKA KLET. Halo\u017ean iz Ptujske kleti je vino z bogato tradicijo. Ptujska klet ga polni od 1962.leta. Halo\u017ean je tudi zelo priljubljen. Halo\u017ean je eno izmed najbolje prodajanih slovenskih vin nasploh. Najdemo ga skoraj v vsakem hladilniku. Tudi v va\u0161em? :-) Ne?\",\"breadcrumb\":{\"@id\":\"https:\\\/\\\/www.ptujska-klet.si\\\/trgovina\\\/izdelek\\\/halozan-05l\\\/#breadcrumb\"},\"inLanguage\":\"sl-SI\",\"potentialAction\":[{\"@type\":\"ReadAction\",\"target\":[\"https:\\\/\\\/www.ptujska-klet.si\\\/trgovina\\\/izdelek\\\/halozan-05l\\\/\"]}]},{\"@type\":\"ImageObject\",\"inLanguage\":\"sl-SI\",\"@id\":\"https:\\\/\\\/www.ptujska-klet.si\\\/trgovina\\\/izdelek\\\/halozan-05l\\\/#primaryimage\",\"url\":\"https:\\\/\\\/www.ptujska-klet.si\\\/trgovina\\\/wp-content\\\/uploads\\\/2025\\\/05\\\/thumbnail_PK_WEB_Halozan-05-mini-768-x-983.jpg\",\"contentUrl\":\"https:\\\/\\\/www.ptujska-klet.si\\\/trgovina\\\/wp-content\\\/uploads\\\/2025\\\/05\\\/thumbnail_PK_WEB_Halozan-05-mini-768-x-983.jpg\",\"width\":1024,\"height\":1311},{\"@type\":\"BreadcrumbList\",\"@id\":\"https:\\\/\\\/www.ptujska-klet.si\\\/trgovina\\\/izdelek\\\/halozan-05l\\\/#breadcrumb\",\"itemListElement\":[{\"@type\":\"ListItem\",\"position\":1,\"name\":\"Home\",\"item\":\"https:\\\/\\\/www.ptujska-klet.si\\\/trgovina\\\/\"},{\"@type\":\"ListItem\",\"position\":2,\"name\":\"Trgovina\",\"item\":\"https:\\\/\\\/www.ptujska-klet.si\\\/trgovina\\\/\"},{\"@type\":\"ListItem\",\"position\":3,\"name\":\"Halo\u017ean, 0,5l\"}]},{\"@type\":\"WebSite\",\"@id\":\"https:\\\/\\\/www.ptujska-klet.si\\\/trgovina\\\/#website\",\"url\":\"https:\\\/\\\/www.ptujska-klet.si\\\/trgovina\\\/\",\"name\":\"Ptujska Klet\",\"description\":\"Vinska klet z najbolj\u0161imi vini za vse okuse\",\"publisher\":{\"@id\":\"https:\\\/\\\/www.ptujska-klet.si\\\/trgovina\\\/#organization\"},\"potentialAction\":[{\"@type\":\"SearchAction\",\"target\":{\"@type\":\"EntryPoint\",\"urlTemplate\":\"https:\\\/\\\/www.ptujska-klet.si\\\/trgovina\\\/?s={search_term_string}\"},\"query-input\":{\"@type\":\"PropertyValueSpecification\",\"valueRequired\":true,\"valueName\":\"search_term_string\"}}],\"inLanguage\":\"sl-SI\"},{\"@type\":\"Organization\",\"@id\":\"https:\\\/\\\/www.ptujska-klet.si\\\/trgovina\\\/#organization\",\"name\":\"Ptujska Klet\",\"url\":\"https:\\\/\\\/www.ptujska-klet.si\\\/trgovina\\\/\",\"logo\":{\"@type\":\"ImageObject\",\"inLanguage\":\"sl-SI\",\"@id\":\"https:\\\/\\\/www.ptujska-klet.si\\\/trgovina\\\/#\\\/schema\\\/logo\\\/image\\\/\",\"url\":\"https:\\\/\\\/www.ptujska-klet.si\\\/trgovina\\\/wp-content\\\/uploads\\\/2020\\\/04\\\/cropped-pullus_favicon-300x300-1-1.png\",\"contentUrl\":\"https:\\\/\\\/www.ptujska-klet.si\\\/trgovina\\\/wp-content\\\/uploads\\\/2020\\\/04\\\/cropped-pullus_favicon-300x300-1-1.png\",\"width\":300,\"height\":300,\"caption\":\"Ptujska Klet\"},\"image\":{\"@id\":\"https:\\\/\\\/www.ptujska-klet.si\\\/trgovina\\\/#\\\/schema\\\/logo\\\/image\\\/\"}}]}<\/script>\n<!-- \/ Yoast SEO plugin. -->","yoast_head_json":{"title":"Halo\u017ean, 0,5l - Ptujska Klet","description":"PRIDE TUDI NA DOM! NARO\u010cITE SI GA TUKAJ! V URADNI SPLETNI TRGOVINI PULLUS\/PTUJSKA KLET. Halo\u017ean iz Ptujske kleti je vino z bogato tradicijo. Ptujska klet ga polni od 1962.leta. Halo\u017ean je tudi zelo priljubljen. Halo\u017ean je eno izmed najbolje prodajanih slovenskih vin nasploh. Najdemo ga skoraj v vsakem hladilniku. Tudi v va\u0161em? :-) Ne?","robots":{"index":"index","follow":"follow","max-snippet":"max-snippet:-1","max-image-preview":"max-image-preview:large","max-video-preview":"max-video-preview:-1"},"canonical":"https:\/\/www.ptujska-klet.si\/trgovina\/izdelek\/halozan-05l\/","og_locale":"sl_SI","og_type":"article","og_title":"Halo\u017ean, 0,5l - Ptujska Klet","og_description":"PRIDE TUDI NA DOM! NARO\u010cITE SI GA TUKAJ! V URADNI SPLETNI TRGOVINI PULLUS\/PTUJSKA KLET. Halo\u017ean iz Ptujske kleti je vino z bogato tradicijo. Ptujska klet ga polni od 1962.leta. Halo\u017ean je tudi zelo priljubljen. Halo\u017ean je eno izmed najbolje prodajanih slovenskih vin nasploh. Najdemo ga skoraj v vsakem hladilniku. Tudi v va\u0161em? :-) Ne?","og_url":"https:\/\/www.ptujska-klet.si\/trgovina\/izdelek\/halozan-05l\/","og_site_name":"Ptujska Klet","article_modified_time":"2025-05-26T18:35:43+00:00","og_image":[{"width":1024,"height":1311,"url":"https:\/\/www.ptujska-klet.si\/trgovina\/wp-content\/uploads\/2025\/05\/thumbnail_PK_WEB_Halozan-05-mini-768-x-983.jpg","type":"image\/jpeg"}],"twitter_card":"summary_large_image","twitter_misc":{"Est. reading time":"2 minuti"},"schema":{"@context":"https:\/\/schema.org","@graph":[{"@type":"WebPage","@id":"https:\/\/www.ptujska-klet.si\/trgovina\/izdelek\/halozan-05l\/","url":"https:\/\/www.ptujska-klet.si\/trgovina\/izdelek\/halozan-05l\/","name":"Halo\u017ean, 0,5l - Ptujska Klet","isPartOf":{"@id":"https:\/\/www.ptujska-klet.si\/trgovina\/#website"},"primaryImageOfPage":{"@id":"https:\/\/www.ptujska-klet.si\/trgovina\/izdelek\/halozan-05l\/#primaryimage"},"image":{"@id":"https:\/\/www.ptujska-klet.si\/trgovina\/izdelek\/halozan-05l\/#primaryimage"},"thumbnailUrl":"https:\/\/www.ptujska-klet.si\/trgovina\/wp-content\/uploads\/2025\/05\/thumbnail_PK_WEB_Halozan-05-mini-768-x-983.jpg","datePublished":"2025-05-26T18:33:28+00:00","dateModified":"2025-05-26T18:35:43+00:00","description":"PRIDE TUDI NA DOM! NARO\u010cITE SI GA TUKAJ! V URADNI SPLETNI TRGOVINI PULLUS\/PTUJSKA KLET. Halo\u017ean iz Ptujske kleti je vino z bogato tradicijo. Ptujska klet ga polni od 1962.leta. Halo\u017ean je tudi zelo priljubljen. Halo\u017ean je eno izmed najbolje prodajanih slovenskih vin nasploh. Najdemo ga skoraj v vsakem hladilniku. Tudi v va\u0161em? :-) Ne?","breadcrumb":{"@id":"https:\/\/www.ptujska-klet.si\/trgovina\/izdelek\/halozan-05l\/#breadcrumb"},"inLanguage":"sl-SI","potentialAction":[{"@type":"ReadAction","target":["https:\/\/www.ptujska-klet.si\/trgovina\/izdelek\/halozan-05l\/"]}]},{"@type":"ImageObject","inLanguage":"sl-SI","@id":"https:\/\/www.ptujska-klet.si\/trgovina\/izdelek\/halozan-05l\/#primaryimage","url":"https:\/\/www.ptujska-klet.si\/trgovina\/wp-content\/uploads\/2025\/05\/thumbnail_PK_WEB_Halozan-05-mini-768-x-983.jpg","contentUrl":"https:\/\/www.ptujska-klet.si\/trgovina\/wp-content\/uploads\/2025\/05\/thumbnail_PK_WEB_Halozan-05-mini-768-x-983.jpg","width":1024,"height":1311},{"@type":"BreadcrumbList","@id":"https:\/\/www.ptujska-klet.si\/trgovina\/izdelek\/halozan-05l\/#breadcrumb","itemListElement":[{"@type":"ListItem","position":1,"name":"Home","item":"https:\/\/www.ptujska-klet.si\/trgovina\/"},{"@type":"ListItem","position":2,"name":"Trgovina","item":"https:\/\/www.ptujska-klet.si\/trgovina\/"},{"@type":"ListItem","position":3,"name":"Halo\u017ean, 0,5l"}]},{"@type":"WebSite","@id":"https:\/\/www.ptujska-klet.si\/trgovina\/#website","url":"https:\/\/www.ptujska-klet.si\/trgovina\/","name":"Ptujska Klet","description":"Vinska klet z najbolj\u0161imi vini za vse okuse","publisher":{"@id":"https:\/\/www.ptujska-klet.si\/trgovina\/#organization"},"potentialAction":[{"@type":"SearchAction","target":{"@type":"EntryPoint","urlTemplate":"https:\/\/www.ptujska-klet.si\/trgovina\/?s={search_term_string}"},"query-input":{"@type":"PropertyValueSpecification","valueRequired":true,"valueName":"search_term_string"}}],"inLanguage":"sl-SI"},{"@type":"Organization","@id":"https:\/\/www.ptujska-klet.si\/trgovina\/#organization","name":"Ptujska Klet","url":"https:\/\/www.ptujska-klet.si\/trgovina\/","logo":{"@type":"ImageObject","inLanguage":"sl-SI","@id":"https:\/\/www.ptujska-klet.si\/trgovina\/#\/schema\/logo\/image\/","url":"https:\/\/www.ptujska-klet.si\/trgovina\/wp-content\/uploads\/2020\/04\/cropped-pullus_favicon-300x300-1-1.png","contentUrl":"https:\/\/www.ptujska-klet.si\/trgovina\/wp-content\/uploads\/2020\/04\/cropped-pullus_favicon-300x300-1-1.png","width":300,"height":300,"caption":"Ptujska Klet"},"image":{"@id":"https:\/\/www.ptujska-klet.si\/trgovina\/#\/schema\/logo\/image\/"}}]}},"_links":{"self":[{"href":"https:\/\/www.ptujska-klet.si\/trgovina\/wp-json\/wp\/v2\/product\/5935","targetHints":{"allow":["GET"]}}],"collection":[{"href":"https:\/\/www.ptujska-klet.si\/trgovina\/wp-json\/wp\/v2\/product"}],"about":[{"href":"https:\/\/www.ptujska-klet.si\/trgovina\/wp-json\/wp\/v2\/types\/product"}],"wp:featuredmedia":[{"embeddable":true,"href":"https:\/\/www.ptujska-klet.si\/trgovina\/wp-json\/wp\/v2\/media\/5936"}],"wp:attachment":[{"href":"https:\/\/www.ptujska-klet.si\/trgovina\/wp-json\/wp\/v2\/media?parent=5935"}],"wp:term":[{"taxonomy":"product_brand","embeddable":true,"href":"https:\/\/www.ptujska-klet.si\/trgovina\/wp-json\/wp\/v2\/product_brand?post=5935"},{"taxonomy":"product_cat","embeddable":true,"href":"https:\/\/www.ptujska-klet.si\/trgovina\/wp-json\/wp\/v2\/product_cat?post=5935"},{"taxonomy":"product_tag","embeddable":true,"href":"https:\/\/www.ptujska-klet.si\/trgovina\/wp-json\/wp\/v2\/product_tag?post=5935"}],"curies":[{"name":"wp","href":"https:\/\/api.w.org\/{rel}","templated":true}]}}