{"id":5133,"date":"2023-01-05T13:42:55","date_gmt":"2023-01-05T12:42:55","guid":{"rendered":"https:\/\/pullus-shop.com\/?post_type=product&#038;p=5133"},"modified":"2026-02-16T15:03:50","modified_gmt":"2026-02-16T14:03:50","slug":"petovia-zlati-pelinkovec","status":"publish","type":"product","link":"https:\/\/www.ptujska-klet.si\/trgovina\/izdelek\/petovia-zlati-pelinkovec\/","title":{"rendered":"PETOVIA Zlati Pelinkovec"},"content":{"rendered":"<p><strong>Pelinkovec vseh pelinkovcev<\/strong><\/p>\n<p>Razko\u0161je pravega pelina (<em>Artemisia Absinthium<\/em>) utripa v vsaki njegovi plemeniti kapljici. Njegov vonj je zna\u010dilno di\u0161aven in mo\u010dan. Okus je grenak in trpek, a harmoni\u010den. Pelin vsebuje vrsto koristnih snovi, ki jih po originalnem receptu obogatimo z \u017elahtnimi plodovi ve\u010d desetletnih izku\u0161enj. Prija mu ritem halo\u0161kega \u017eivljenja. Rad ima nepremagljive gri\u010de, toplo sonce in neulovljiv vetri\u010d.<\/p>\n<p><strong>Alkohol: <\/strong>25%<\/p>\n<p style=\"text-align: left;\"><strong>Enota mere:<\/strong> 700ml<br \/>\n<strong>\u0160t. steklenic v kartonu:<\/strong> 6<\/p>\n<p><strong>Koktelji:<\/strong><\/p>\n<p><strong>PITON alias PT<\/strong><\/p>\n<ul>\n<li>0,06 Pelinkovec grenki ali zlati<\/li>\n<li>1,5dcl\u00a0 Tonic<\/li>\n<li>\u00bc limete<\/li>\n<li>Led<\/li>\n<\/ul>\n","protected":false},"excerpt":{"rendered":"<p>Razko\u0161je pravega pelina (<em>Artemisia Absinthium<\/em>) utripa v vsaki njegovi plemeniti kapljici. Njegov vonj je zna\u010dilno di\u0161aven in mo\u010dan. Okus je grenak in trpek, a harmoni\u010den. Pelin vsebuje vrsto koristnih snovi, ki jih po originalnem receptu obogatimo z \u017elahtnimi plodovi ve\u010d desetletnih izku\u0161enj. Prija mu ritem halo\u0161kega \u017eivljenja. Rad ima nepremagljive gri\u010de, toplo sonce in neulovljiv vetri\u010d.<\/p>\n","protected":false},"featured_media":6125,"template":"","meta":[],"product_brand":[],"product_cat":[41],"product_tag":[42],"class_list":{"0":"post-5133","1":"product","2":"type-product","3":"status-publish","4":"has-post-thumbnail","6":"product_cat-petovia","7":"product_tag-zgane-pijace","9":"first","10":"instock","11":"taxable","12":"shipping-taxable","13":"purchasable","14":"product-type-simple"},"yoast_head":"<!-- This site is optimized with the Yoast SEO plugin v27.3 - https:\/\/yoast.com\/product\/yoast-seo-wordpress\/ -->\n<title>PETOVIA Zlati Pelinkovec - Ptujska Klet<\/title>\n<meta name=\"description\" content=\"Razko\u0161je pravega pelina (Artemisia Absinthium) utripa v vsaki njegovi plemeniti kapljici. Njegov vonj je zna\u010dilno di\u0161aven in mo\u010dan. PETOVIA zlati Pelinkovec\" \/>\n<meta name=\"robots\" content=\"index, follow, max-snippet:-1, max-image-preview:large, max-video-preview:-1\" \/>\n<link rel=\"canonical\" href=\"https:\/\/www.ptujska-klet.si\/trgovina\/izdelek\/petovia-zlati-pelinkovec\/\" \/>\n<meta property=\"og:locale\" content=\"sl_SI\" \/>\n<meta property=\"og:type\" content=\"article\" \/>\n<meta property=\"og:title\" content=\"PETOVIA Zlati Pelinkovec - Ptujska Klet\" \/>\n<meta property=\"og:description\" content=\"Razko\u0161je pravega pelina (Artemisia Absinthium) utripa v vsaki njegovi plemeniti kapljici. Njegov vonj je zna\u010dilno di\u0161aven in mo\u010dan. PETOVIA zlati Pelinkovec\" \/>\n<meta property=\"og:url\" content=\"https:\/\/www.ptujska-klet.si\/trgovina\/izdelek\/petovia-zlati-pelinkovec\/\" \/>\n<meta property=\"og:site_name\" content=\"Ptujska Klet\" \/>\n<meta property=\"article:modified_time\" content=\"2026-02-16T14:03:50+00:00\" \/>\n<meta property=\"og:image\" content=\"https:\/\/www.ptujska-klet.si\/trgovina\/wp-content\/uploads\/2023\/01\/zlati_pelinkovec-2.jpg\" \/>\n\t<meta property=\"og:image:width\" content=\"768\" \/>\n\t<meta property=\"og:image:height\" content=\"983\" \/>\n\t<meta property=\"og:image:type\" content=\"image\/jpeg\" \/>\n<meta name=\"twitter:card\" content=\"summary_large_image\" \/>\n<meta name=\"twitter:label1\" content=\"Est. reading time\" \/>\n\t<meta name=\"twitter:data1\" content=\"1 minuta\" \/>\n<script type=\"application\/ld+json\" class=\"yoast-schema-graph\">{\"@context\":\"https:\\\/\\\/schema.org\",\"@graph\":[{\"@type\":\"WebPage\",\"@id\":\"https:\\\/\\\/www.ptujska-klet.si\\\/trgovina\\\/izdelek\\\/petovia-zlati-pelinkovec\\\/\",\"url\":\"https:\\\/\\\/www.ptujska-klet.si\\\/trgovina\\\/izdelek\\\/petovia-zlati-pelinkovec\\\/\",\"name\":\"PETOVIA Zlati Pelinkovec - Ptujska Klet\",\"isPartOf\":{\"@id\":\"https:\\\/\\\/www.ptujska-klet.si\\\/trgovina\\\/#website\"},\"primaryImageOfPage\":{\"@id\":\"https:\\\/\\\/www.ptujska-klet.si\\\/trgovina\\\/izdelek\\\/petovia-zlati-pelinkovec\\\/#primaryimage\"},\"image\":{\"@id\":\"https:\\\/\\\/www.ptujska-klet.si\\\/trgovina\\\/izdelek\\\/petovia-zlati-pelinkovec\\\/#primaryimage\"},\"thumbnailUrl\":\"https:\\\/\\\/www.ptujska-klet.si\\\/trgovina\\\/wp-content\\\/uploads\\\/2023\\\/01\\\/zlati_pelinkovec-2.jpg\",\"datePublished\":\"2023-01-05T12:42:55+00:00\",\"dateModified\":\"2026-02-16T14:03:50+00:00\",\"description\":\"Razko\u0161je pravega pelina (Artemisia Absinthium) utripa v vsaki njegovi plemeniti kapljici. Njegov vonj je zna\u010dilno di\u0161aven in mo\u010dan. PETOVIA zlati Pelinkovec\",\"breadcrumb\":{\"@id\":\"https:\\\/\\\/www.ptujska-klet.si\\\/trgovina\\\/izdelek\\\/petovia-zlati-pelinkovec\\\/#breadcrumb\"},\"inLanguage\":\"sl-SI\",\"potentialAction\":[{\"@type\":\"ReadAction\",\"target\":[\"https:\\\/\\\/www.ptujska-klet.si\\\/trgovina\\\/izdelek\\\/petovia-zlati-pelinkovec\\\/\"]}]},{\"@type\":\"ImageObject\",\"inLanguage\":\"sl-SI\",\"@id\":\"https:\\\/\\\/www.ptujska-klet.si\\\/trgovina\\\/izdelek\\\/petovia-zlati-pelinkovec\\\/#primaryimage\",\"url\":\"https:\\\/\\\/www.ptujska-klet.si\\\/trgovina\\\/wp-content\\\/uploads\\\/2023\\\/01\\\/zlati_pelinkovec-2.jpg\",\"contentUrl\":\"https:\\\/\\\/www.ptujska-klet.si\\\/trgovina\\\/wp-content\\\/uploads\\\/2023\\\/01\\\/zlati_pelinkovec-2.jpg\",\"width\":768,\"height\":983},{\"@type\":\"BreadcrumbList\",\"@id\":\"https:\\\/\\\/www.ptujska-klet.si\\\/trgovina\\\/izdelek\\\/petovia-zlati-pelinkovec\\\/#breadcrumb\",\"itemListElement\":[{\"@type\":\"ListItem\",\"position\":1,\"name\":\"Home\",\"item\":\"https:\\\/\\\/www.ptujska-klet.si\\\/trgovina\\\/\"},{\"@type\":\"ListItem\",\"position\":2,\"name\":\"Trgovina\",\"item\":\"https:\\\/\\\/www.ptujska-klet.si\\\/trgovina\\\/\"},{\"@type\":\"ListItem\",\"position\":3,\"name\":\"PETOVIA Zlati Pelinkovec\"}]},{\"@type\":\"WebSite\",\"@id\":\"https:\\\/\\\/www.ptujska-klet.si\\\/trgovina\\\/#website\",\"url\":\"https:\\\/\\\/www.ptujska-klet.si\\\/trgovina\\\/\",\"name\":\"Ptujska Klet\",\"description\":\"Vinska klet z najbolj\u0161imi vini za vse okuse\",\"publisher\":{\"@id\":\"https:\\\/\\\/www.ptujska-klet.si\\\/trgovina\\\/#organization\"},\"potentialAction\":[{\"@type\":\"SearchAction\",\"target\":{\"@type\":\"EntryPoint\",\"urlTemplate\":\"https:\\\/\\\/www.ptujska-klet.si\\\/trgovina\\\/?s={search_term_string}\"},\"query-input\":{\"@type\":\"PropertyValueSpecification\",\"valueRequired\":true,\"valueName\":\"search_term_string\"}}],\"inLanguage\":\"sl-SI\"},{\"@type\":\"Organization\",\"@id\":\"https:\\\/\\\/www.ptujska-klet.si\\\/trgovina\\\/#organization\",\"name\":\"Ptujska Klet\",\"url\":\"https:\\\/\\\/www.ptujska-klet.si\\\/trgovina\\\/\",\"logo\":{\"@type\":\"ImageObject\",\"inLanguage\":\"sl-SI\",\"@id\":\"https:\\\/\\\/www.ptujska-klet.si\\\/trgovina\\\/#\\\/schema\\\/logo\\\/image\\\/\",\"url\":\"https:\\\/\\\/www.ptujska-klet.si\\\/trgovina\\\/wp-content\\\/uploads\\\/2020\\\/04\\\/cropped-pullus_favicon-300x300-1-1.png\",\"contentUrl\":\"https:\\\/\\\/www.ptujska-klet.si\\\/trgovina\\\/wp-content\\\/uploads\\\/2020\\\/04\\\/cropped-pullus_favicon-300x300-1-1.png\",\"width\":300,\"height\":300,\"caption\":\"Ptujska Klet\"},\"image\":{\"@id\":\"https:\\\/\\\/www.ptujska-klet.si\\\/trgovina\\\/#\\\/schema\\\/logo\\\/image\\\/\"}}]}<\/script>\n<!-- \/ Yoast SEO plugin. -->","yoast_head_json":{"title":"PETOVIA Zlati Pelinkovec - Ptujska Klet","description":"Razko\u0161je pravega pelina (Artemisia Absinthium) utripa v vsaki njegovi plemeniti kapljici. Njegov vonj je zna\u010dilno di\u0161aven in mo\u010dan. PETOVIA zlati Pelinkovec","robots":{"index":"index","follow":"follow","max-snippet":"max-snippet:-1","max-image-preview":"max-image-preview:large","max-video-preview":"max-video-preview:-1"},"canonical":"https:\/\/www.ptujska-klet.si\/trgovina\/izdelek\/petovia-zlati-pelinkovec\/","og_locale":"sl_SI","og_type":"article","og_title":"PETOVIA Zlati Pelinkovec - Ptujska Klet","og_description":"Razko\u0161je pravega pelina (Artemisia Absinthium) utripa v vsaki njegovi plemeniti kapljici. Njegov vonj je zna\u010dilno di\u0161aven in mo\u010dan. PETOVIA zlati Pelinkovec","og_url":"https:\/\/www.ptujska-klet.si\/trgovina\/izdelek\/petovia-zlati-pelinkovec\/","og_site_name":"Ptujska Klet","article_modified_time":"2026-02-16T14:03:50+00:00","og_image":[{"width":768,"height":983,"url":"https:\/\/www.ptujska-klet.si\/trgovina\/wp-content\/uploads\/2023\/01\/zlati_pelinkovec-2.jpg","type":"image\/jpeg"}],"twitter_card":"summary_large_image","twitter_misc":{"Est. reading time":"1 minuta"},"schema":{"@context":"https:\/\/schema.org","@graph":[{"@type":"WebPage","@id":"https:\/\/www.ptujska-klet.si\/trgovina\/izdelek\/petovia-zlati-pelinkovec\/","url":"https:\/\/www.ptujska-klet.si\/trgovina\/izdelek\/petovia-zlati-pelinkovec\/","name":"PETOVIA Zlati Pelinkovec - Ptujska Klet","isPartOf":{"@id":"https:\/\/www.ptujska-klet.si\/trgovina\/#website"},"primaryImageOfPage":{"@id":"https:\/\/www.ptujska-klet.si\/trgovina\/izdelek\/petovia-zlati-pelinkovec\/#primaryimage"},"image":{"@id":"https:\/\/www.ptujska-klet.si\/trgovina\/izdelek\/petovia-zlati-pelinkovec\/#primaryimage"},"thumbnailUrl":"https:\/\/www.ptujska-klet.si\/trgovina\/wp-content\/uploads\/2023\/01\/zlati_pelinkovec-2.jpg","datePublished":"2023-01-05T12:42:55+00:00","dateModified":"2026-02-16T14:03:50+00:00","description":"Razko\u0161je pravega pelina (Artemisia Absinthium) utripa v vsaki njegovi plemeniti kapljici. Njegov vonj je zna\u010dilno di\u0161aven in mo\u010dan. PETOVIA zlati Pelinkovec","breadcrumb":{"@id":"https:\/\/www.ptujska-klet.si\/trgovina\/izdelek\/petovia-zlati-pelinkovec\/#breadcrumb"},"inLanguage":"sl-SI","potentialAction":[{"@type":"ReadAction","target":["https:\/\/www.ptujska-klet.si\/trgovina\/izdelek\/petovia-zlati-pelinkovec\/"]}]},{"@type":"ImageObject","inLanguage":"sl-SI","@id":"https:\/\/www.ptujska-klet.si\/trgovina\/izdelek\/petovia-zlati-pelinkovec\/#primaryimage","url":"https:\/\/www.ptujska-klet.si\/trgovina\/wp-content\/uploads\/2023\/01\/zlati_pelinkovec-2.jpg","contentUrl":"https:\/\/www.ptujska-klet.si\/trgovina\/wp-content\/uploads\/2023\/01\/zlati_pelinkovec-2.jpg","width":768,"height":983},{"@type":"BreadcrumbList","@id":"https:\/\/www.ptujska-klet.si\/trgovina\/izdelek\/petovia-zlati-pelinkovec\/#breadcrumb","itemListElement":[{"@type":"ListItem","position":1,"name":"Home","item":"https:\/\/www.ptujska-klet.si\/trgovina\/"},{"@type":"ListItem","position":2,"name":"Trgovina","item":"https:\/\/www.ptujska-klet.si\/trgovina\/"},{"@type":"ListItem","position":3,"name":"PETOVIA Zlati Pelinkovec"}]},{"@type":"WebSite","@id":"https:\/\/www.ptujska-klet.si\/trgovina\/#website","url":"https:\/\/www.ptujska-klet.si\/trgovina\/","name":"Ptujska Klet","description":"Vinska klet z najbolj\u0161imi vini za vse okuse","publisher":{"@id":"https:\/\/www.ptujska-klet.si\/trgovina\/#organization"},"potentialAction":[{"@type":"SearchAction","target":{"@type":"EntryPoint","urlTemplate":"https:\/\/www.ptujska-klet.si\/trgovina\/?s={search_term_string}"},"query-input":{"@type":"PropertyValueSpecification","valueRequired":true,"valueName":"search_term_string"}}],"inLanguage":"sl-SI"},{"@type":"Organization","@id":"https:\/\/www.ptujska-klet.si\/trgovina\/#organization","name":"Ptujska Klet","url":"https:\/\/www.ptujska-klet.si\/trgovina\/","logo":{"@type":"ImageObject","inLanguage":"sl-SI","@id":"https:\/\/www.ptujska-klet.si\/trgovina\/#\/schema\/logo\/image\/","url":"https:\/\/www.ptujska-klet.si\/trgovina\/wp-content\/uploads\/2020\/04\/cropped-pullus_favicon-300x300-1-1.png","contentUrl":"https:\/\/www.ptujska-klet.si\/trgovina\/wp-content\/uploads\/2020\/04\/cropped-pullus_favicon-300x300-1-1.png","width":300,"height":300,"caption":"Ptujska Klet"},"image":{"@id":"https:\/\/www.ptujska-klet.si\/trgovina\/#\/schema\/logo\/image\/"}}]}},"_links":{"self":[{"href":"https:\/\/www.ptujska-klet.si\/trgovina\/wp-json\/wp\/v2\/product\/5133","targetHints":{"allow":["GET"]}}],"collection":[{"href":"https:\/\/www.ptujska-klet.si\/trgovina\/wp-json\/wp\/v2\/product"}],"about":[{"href":"https:\/\/www.ptujska-klet.si\/trgovina\/wp-json\/wp\/v2\/types\/product"}],"wp:featuredmedia":[{"embeddable":true,"href":"https:\/\/www.ptujska-klet.si\/trgovina\/wp-json\/wp\/v2\/media\/6125"}],"wp:attachment":[{"href":"https:\/\/www.ptujska-klet.si\/trgovina\/wp-json\/wp\/v2\/media?parent=5133"}],"wp:term":[{"taxonomy":"product_brand","embeddable":true,"href":"https:\/\/www.ptujska-klet.si\/trgovina\/wp-json\/wp\/v2\/product_brand?post=5133"},{"taxonomy":"product_cat","embeddable":true,"href":"https:\/\/www.ptujska-klet.si\/trgovina\/wp-json\/wp\/v2\/product_cat?post=5133"},{"taxonomy":"product_tag","embeddable":true,"href":"https:\/\/www.ptujska-klet.si\/trgovina\/wp-json\/wp\/v2\/product_tag?post=5133"}],"curies":[{"name":"wp","href":"https:\/\/api.w.org\/{rel}","templated":true}]}}