{"id":3488,"date":"2020-06-12T15:23:26","date_gmt":"2020-06-12T14:23:26","guid":{"rendered":"https:\/\/pullus-shop.com\/?post_type=product&#038;p=3488"},"modified":"2025-03-10T10:19:01","modified_gmt":"2025-03-10T09:19:01","slug":"sivi-pinot-suho","status":"publish","type":"product","link":"https:\/\/www.ptujska-klet.si\/trgovina\/izdelek\/sivi-pinot-suho\/","title":{"rendered":"Sivi Pinot, suho"},"content":{"rendered":"<p>Vino jantarno lososove barve, zna\u010dilne za macerirane sive pinoje. V ospredju je izra\u017eena intenzivna \u010dista sortnost sivega pinota, ki se pona\u0161a z zrelo hru\u0161ko, mandlji, gozdnimi jagodami in ostalim pe\u010dkatim sadjem, na koncu pa je dopolnjena z notami nektarine in sadnih karamel. Okus je eleganten, izrazito saden, da skoraj lahko ugriznemo vanj, pookus je dolg in kremast, kar je posledica ve\u010d mese\u010dnega me\u0161anja finih dro\u017ei v vinu po t.i. \u00bbSur lie\u00ab metodi. Poskusite ga v dru\u017ebi jedi s hobotnico ali lososom.<\/p>\n<h6>Podatki o vinu<\/h6>\n<p><strong>Barva:<\/strong> Belo<br \/>\n<strong>Sladkorna stopnja:<\/strong> Suho<br \/>\n<strong>Sorte:<\/strong> Sivi pinot<br \/>\n<strong>Letnik:<\/strong> 2023<br \/>\n<strong>Enota mere:<\/strong> 750ml<br \/>\n<strong>\u0160t. buteljk v kartonu:<\/strong> 6<\/p>\n<p><strong>Priznanja:<\/strong> Sivi Pinot 2016: ZLATA MEDALJA Gornja radgona 2017; SREBRNA MEDALJA Finger Lakes International Wine Competition USA 2017; SREBRNA MEDALJA Great American International Wine Competition USA 2017; SREBRNA MEDALJA AWC Vienna 2017<\/p>\n","protected":false},"excerpt":{"rendered":"<div class=\"page-section__generator page-section__generator--top g12-xs g11-md g10-lg g8-xl\">\n<div class=\"page-generator__text page-generator__text--top js-generator-text\">\n<div id=\"output\" class=\"page-generator__output js-generator-output\">\n<div class=\"page-section__generator page-section__generator--top g12-xs g11-md g10-lg g8-xl\">\n<div class=\"page-generator__text page-generator__text--top js-generator-text\">\n<div id=\"output\" class=\"page-generator__output js-generator-output\">\n<p>Vino jantarno lososove barve, zna\u010dilne za macerirane sive pinoje. V ospredju je izra\u017eena intenzivna \u010dista sortnost sivega pinota, ki se pona\u0161a z zrelo hru\u0161ko, mandlji, gozdnimi jagodami in ostalim pe\u010dkatim sadjem, na koncu pa je dopolnjena z notami nektarine in sadnih karamel. Okus je eleganten, izrazito saden, da skoraj lahko ugriznemo vanj, pookus je dolg in kremast, kar je posledica ve\u010d mese\u010dnega me\u0161anja finih dro\u017ei v vinu po t.i. \u00bbSur lie\u00ab metodi. Poskusite ga v dru\u017ebi jedi s hobotnico ali lososom.<\/p>\n<\/div>\n<\/div>\n<\/div>\n<\/div>\n<\/div>\n<\/div>\n","protected":false},"featured_media":5738,"template":"","meta":[],"product_brand":[],"product_cat":[16],"product_tag":[37],"class_list":{"0":"post-3488","1":"product","2":"type-product","3":"status-publish","4":"has-post-thumbnail","6":"product_cat-pullus","7":"product_tag-sivi-pinot","9":"first","10":"instock","11":"taxable","12":"shipping-taxable","13":"purchasable","14":"product-type-simple"},"yoast_head":"<!-- This site is optimized with the Yoast SEO plugin v27.3 - https:\/\/yoast.com\/product\/yoast-seo-wordpress\/ -->\n<title>Sivi Pinot, suho - Ptujska Klet<\/title>\n<meta name=\"description\" content=\"Pullus sivi pinot je svetovni hit. Eden najbolj priljubljenih sivih pinojev iz Slovenije tudi preko lu\u017ee - v ZDA. Eni mu pravijo &quot;sve\u017ee oran\u017eno vino&quot;, drugi &quot;ramato style grigio&quot; spet tretji pravi sivi pinot, saj poka\u017ee pravo barvo grozdja te sorte. Ve\u010dina pa ga enostavno obo\u017euje. Pa vi?\" \/>\n<meta name=\"robots\" content=\"index, follow, max-snippet:-1, max-image-preview:large, max-video-preview:-1\" \/>\n<link rel=\"canonical\" href=\"https:\/\/www.ptujska-klet.si\/trgovina\/izdelek\/sivi-pinot-suho\/\" \/>\n<meta property=\"og:locale\" content=\"sl_SI\" \/>\n<meta property=\"og:type\" content=\"article\" \/>\n<meta property=\"og:title\" content=\"Sivi Pinot, suho - Ptujska Klet\" \/>\n<meta property=\"og:description\" content=\"Pullus sivi pinot je svetovni hit. Eden najbolj priljubljenih sivih pinojev iz Slovenije tudi preko lu\u017ee - v ZDA. Eni mu pravijo &quot;sve\u017ee oran\u017eno vino&quot;, drugi &quot;ramato style grigio&quot; spet tretji pravi sivi pinot, saj poka\u017ee pravo barvo grozdja te sorte. Ve\u010dina pa ga enostavno obo\u017euje. Pa vi?\" \/>\n<meta property=\"og:url\" content=\"https:\/\/www.ptujska-klet.si\/trgovina\/izdelek\/sivi-pinot-suho\/\" \/>\n<meta property=\"og:site_name\" content=\"Ptujska Klet\" \/>\n<meta property=\"article:modified_time\" content=\"2025-03-10T09:19:01+00:00\" \/>\n<meta property=\"og:image\" content=\"https:\/\/www.ptujska-klet.si\/trgovina\/wp-content\/uploads\/2020\/06\/SP-suho_WEB_768-x-9837-1-1.jpg\" \/>\n\t<meta property=\"og:image:width\" content=\"768\" \/>\n\t<meta property=\"og:image:height\" content=\"983\" \/>\n\t<meta property=\"og:image:type\" content=\"image\/jpeg\" \/>\n<meta name=\"twitter:card\" content=\"summary_large_image\" \/>\n<meta name=\"twitter:label1\" content=\"Est. reading time\" \/>\n\t<meta name=\"twitter:data1\" content=\"1 minuta\" \/>\n<script type=\"application\/ld+json\" class=\"yoast-schema-graph\">{\"@context\":\"https:\\\/\\\/schema.org\",\"@graph\":[{\"@type\":\"WebPage\",\"@id\":\"https:\\\/\\\/www.ptujska-klet.si\\\/trgovina\\\/izdelek\\\/sivi-pinot-suho\\\/\",\"url\":\"https:\\\/\\\/www.ptujska-klet.si\\\/trgovina\\\/izdelek\\\/sivi-pinot-suho\\\/\",\"name\":\"Sivi Pinot, suho - Ptujska Klet\",\"isPartOf\":{\"@id\":\"https:\\\/\\\/www.ptujska-klet.si\\\/trgovina\\\/#website\"},\"primaryImageOfPage\":{\"@id\":\"https:\\\/\\\/www.ptujska-klet.si\\\/trgovina\\\/izdelek\\\/sivi-pinot-suho\\\/#primaryimage\"},\"image\":{\"@id\":\"https:\\\/\\\/www.ptujska-klet.si\\\/trgovina\\\/izdelek\\\/sivi-pinot-suho\\\/#primaryimage\"},\"thumbnailUrl\":\"https:\\\/\\\/www.ptujska-klet.si\\\/trgovina\\\/wp-content\\\/uploads\\\/2020\\\/06\\\/SP-suho_WEB_768-x-9837-1-1.jpg\",\"datePublished\":\"2020-06-12T14:23:26+00:00\",\"dateModified\":\"2025-03-10T09:19:01+00:00\",\"description\":\"Pullus sivi pinot je svetovni hit. Eden najbolj priljubljenih sivih pinojev iz Slovenije tudi preko lu\u017ee - v ZDA. Eni mu pravijo \\\"sve\u017ee oran\u017eno vino\\\", drugi \\\"ramato style grigio\\\" spet tretji pravi sivi pinot, saj poka\u017ee pravo barvo grozdja te sorte. Ve\u010dina pa ga enostavno obo\u017euje. Pa vi?\",\"breadcrumb\":{\"@id\":\"https:\\\/\\\/www.ptujska-klet.si\\\/trgovina\\\/izdelek\\\/sivi-pinot-suho\\\/#breadcrumb\"},\"inLanguage\":\"sl-SI\",\"potentialAction\":[{\"@type\":\"ReadAction\",\"target\":[\"https:\\\/\\\/www.ptujska-klet.si\\\/trgovina\\\/izdelek\\\/sivi-pinot-suho\\\/\"]}]},{\"@type\":\"ImageObject\",\"inLanguage\":\"sl-SI\",\"@id\":\"https:\\\/\\\/www.ptujska-klet.si\\\/trgovina\\\/izdelek\\\/sivi-pinot-suho\\\/#primaryimage\",\"url\":\"https:\\\/\\\/www.ptujska-klet.si\\\/trgovina\\\/wp-content\\\/uploads\\\/2020\\\/06\\\/SP-suho_WEB_768-x-9837-1-1.jpg\",\"contentUrl\":\"https:\\\/\\\/www.ptujska-klet.si\\\/trgovina\\\/wp-content\\\/uploads\\\/2020\\\/06\\\/SP-suho_WEB_768-x-9837-1-1.jpg\",\"width\":768,\"height\":983},{\"@type\":\"BreadcrumbList\",\"@id\":\"https:\\\/\\\/www.ptujska-klet.si\\\/trgovina\\\/izdelek\\\/sivi-pinot-suho\\\/#breadcrumb\",\"itemListElement\":[{\"@type\":\"ListItem\",\"position\":1,\"name\":\"Home\",\"item\":\"https:\\\/\\\/www.ptujska-klet.si\\\/trgovina\\\/\"},{\"@type\":\"ListItem\",\"position\":2,\"name\":\"Trgovina\",\"item\":\"https:\\\/\\\/www.ptujska-klet.si\\\/trgovina\\\/\"},{\"@type\":\"ListItem\",\"position\":3,\"name\":\"Sivi Pinot, suho\"}]},{\"@type\":\"WebSite\",\"@id\":\"https:\\\/\\\/www.ptujska-klet.si\\\/trgovina\\\/#website\",\"url\":\"https:\\\/\\\/www.ptujska-klet.si\\\/trgovina\\\/\",\"name\":\"Ptujska Klet\",\"description\":\"Vinska klet z najbolj\u0161imi vini za vse okuse\",\"publisher\":{\"@id\":\"https:\\\/\\\/www.ptujska-klet.si\\\/trgovina\\\/#organization\"},\"potentialAction\":[{\"@type\":\"SearchAction\",\"target\":{\"@type\":\"EntryPoint\",\"urlTemplate\":\"https:\\\/\\\/www.ptujska-klet.si\\\/trgovina\\\/?s={search_term_string}\"},\"query-input\":{\"@type\":\"PropertyValueSpecification\",\"valueRequired\":true,\"valueName\":\"search_term_string\"}}],\"inLanguage\":\"sl-SI\"},{\"@type\":\"Organization\",\"@id\":\"https:\\\/\\\/www.ptujska-klet.si\\\/trgovina\\\/#organization\",\"name\":\"Ptujska Klet\",\"url\":\"https:\\\/\\\/www.ptujska-klet.si\\\/trgovina\\\/\",\"logo\":{\"@type\":\"ImageObject\",\"inLanguage\":\"sl-SI\",\"@id\":\"https:\\\/\\\/www.ptujska-klet.si\\\/trgovina\\\/#\\\/schema\\\/logo\\\/image\\\/\",\"url\":\"https:\\\/\\\/www.ptujska-klet.si\\\/trgovina\\\/wp-content\\\/uploads\\\/2020\\\/04\\\/cropped-pullus_favicon-300x300-1-1.png\",\"contentUrl\":\"https:\\\/\\\/www.ptujska-klet.si\\\/trgovina\\\/wp-content\\\/uploads\\\/2020\\\/04\\\/cropped-pullus_favicon-300x300-1-1.png\",\"width\":300,\"height\":300,\"caption\":\"Ptujska Klet\"},\"image\":{\"@id\":\"https:\\\/\\\/www.ptujska-klet.si\\\/trgovina\\\/#\\\/schema\\\/logo\\\/image\\\/\"}}]}<\/script>\n<!-- \/ Yoast SEO plugin. -->","yoast_head_json":{"title":"Sivi Pinot, suho - Ptujska Klet","description":"Pullus sivi pinot je svetovni hit. Eden najbolj priljubljenih sivih pinojev iz Slovenije tudi preko lu\u017ee - v ZDA. Eni mu pravijo \"sve\u017ee oran\u017eno vino\", drugi \"ramato style grigio\" spet tretji pravi sivi pinot, saj poka\u017ee pravo barvo grozdja te sorte. Ve\u010dina pa ga enostavno obo\u017euje. Pa vi?","robots":{"index":"index","follow":"follow","max-snippet":"max-snippet:-1","max-image-preview":"max-image-preview:large","max-video-preview":"max-video-preview:-1"},"canonical":"https:\/\/www.ptujska-klet.si\/trgovina\/izdelek\/sivi-pinot-suho\/","og_locale":"sl_SI","og_type":"article","og_title":"Sivi Pinot, suho - Ptujska Klet","og_description":"Pullus sivi pinot je svetovni hit. Eden najbolj priljubljenih sivih pinojev iz Slovenije tudi preko lu\u017ee - v ZDA. Eni mu pravijo \"sve\u017ee oran\u017eno vino\", drugi \"ramato style grigio\" spet tretji pravi sivi pinot, saj poka\u017ee pravo barvo grozdja te sorte. Ve\u010dina pa ga enostavno obo\u017euje. Pa vi?","og_url":"https:\/\/www.ptujska-klet.si\/trgovina\/izdelek\/sivi-pinot-suho\/","og_site_name":"Ptujska Klet","article_modified_time":"2025-03-10T09:19:01+00:00","og_image":[{"width":768,"height":983,"url":"https:\/\/www.ptujska-klet.si\/trgovina\/wp-content\/uploads\/2020\/06\/SP-suho_WEB_768-x-9837-1-1.jpg","type":"image\/jpeg"}],"twitter_card":"summary_large_image","twitter_misc":{"Est. reading time":"1 minuta"},"schema":{"@context":"https:\/\/schema.org","@graph":[{"@type":"WebPage","@id":"https:\/\/www.ptujska-klet.si\/trgovina\/izdelek\/sivi-pinot-suho\/","url":"https:\/\/www.ptujska-klet.si\/trgovina\/izdelek\/sivi-pinot-suho\/","name":"Sivi Pinot, suho - Ptujska Klet","isPartOf":{"@id":"https:\/\/www.ptujska-klet.si\/trgovina\/#website"},"primaryImageOfPage":{"@id":"https:\/\/www.ptujska-klet.si\/trgovina\/izdelek\/sivi-pinot-suho\/#primaryimage"},"image":{"@id":"https:\/\/www.ptujska-klet.si\/trgovina\/izdelek\/sivi-pinot-suho\/#primaryimage"},"thumbnailUrl":"https:\/\/www.ptujska-klet.si\/trgovina\/wp-content\/uploads\/2020\/06\/SP-suho_WEB_768-x-9837-1-1.jpg","datePublished":"2020-06-12T14:23:26+00:00","dateModified":"2025-03-10T09:19:01+00:00","description":"Pullus sivi pinot je svetovni hit. Eden najbolj priljubljenih sivih pinojev iz Slovenije tudi preko lu\u017ee - v ZDA. Eni mu pravijo \"sve\u017ee oran\u017eno vino\", drugi \"ramato style grigio\" spet tretji pravi sivi pinot, saj poka\u017ee pravo barvo grozdja te sorte. Ve\u010dina pa ga enostavno obo\u017euje. Pa vi?","breadcrumb":{"@id":"https:\/\/www.ptujska-klet.si\/trgovina\/izdelek\/sivi-pinot-suho\/#breadcrumb"},"inLanguage":"sl-SI","potentialAction":[{"@type":"ReadAction","target":["https:\/\/www.ptujska-klet.si\/trgovina\/izdelek\/sivi-pinot-suho\/"]}]},{"@type":"ImageObject","inLanguage":"sl-SI","@id":"https:\/\/www.ptujska-klet.si\/trgovina\/izdelek\/sivi-pinot-suho\/#primaryimage","url":"https:\/\/www.ptujska-klet.si\/trgovina\/wp-content\/uploads\/2020\/06\/SP-suho_WEB_768-x-9837-1-1.jpg","contentUrl":"https:\/\/www.ptujska-klet.si\/trgovina\/wp-content\/uploads\/2020\/06\/SP-suho_WEB_768-x-9837-1-1.jpg","width":768,"height":983},{"@type":"BreadcrumbList","@id":"https:\/\/www.ptujska-klet.si\/trgovina\/izdelek\/sivi-pinot-suho\/#breadcrumb","itemListElement":[{"@type":"ListItem","position":1,"name":"Home","item":"https:\/\/www.ptujska-klet.si\/trgovina\/"},{"@type":"ListItem","position":2,"name":"Trgovina","item":"https:\/\/www.ptujska-klet.si\/trgovina\/"},{"@type":"ListItem","position":3,"name":"Sivi Pinot, suho"}]},{"@type":"WebSite","@id":"https:\/\/www.ptujska-klet.si\/trgovina\/#website","url":"https:\/\/www.ptujska-klet.si\/trgovina\/","name":"Ptujska Klet","description":"Vinska klet z najbolj\u0161imi vini za vse okuse","publisher":{"@id":"https:\/\/www.ptujska-klet.si\/trgovina\/#organization"},"potentialAction":[{"@type":"SearchAction","target":{"@type":"EntryPoint","urlTemplate":"https:\/\/www.ptujska-klet.si\/trgovina\/?s={search_term_string}"},"query-input":{"@type":"PropertyValueSpecification","valueRequired":true,"valueName":"search_term_string"}}],"inLanguage":"sl-SI"},{"@type":"Organization","@id":"https:\/\/www.ptujska-klet.si\/trgovina\/#organization","name":"Ptujska Klet","url":"https:\/\/www.ptujska-klet.si\/trgovina\/","logo":{"@type":"ImageObject","inLanguage":"sl-SI","@id":"https:\/\/www.ptujska-klet.si\/trgovina\/#\/schema\/logo\/image\/","url":"https:\/\/www.ptujska-klet.si\/trgovina\/wp-content\/uploads\/2020\/04\/cropped-pullus_favicon-300x300-1-1.png","contentUrl":"https:\/\/www.ptujska-klet.si\/trgovina\/wp-content\/uploads\/2020\/04\/cropped-pullus_favicon-300x300-1-1.png","width":300,"height":300,"caption":"Ptujska Klet"},"image":{"@id":"https:\/\/www.ptujska-klet.si\/trgovina\/#\/schema\/logo\/image\/"}}]}},"_links":{"self":[{"href":"https:\/\/www.ptujska-klet.si\/trgovina\/wp-json\/wp\/v2\/product\/3488","targetHints":{"allow":["GET"]}}],"collection":[{"href":"https:\/\/www.ptujska-klet.si\/trgovina\/wp-json\/wp\/v2\/product"}],"about":[{"href":"https:\/\/www.ptujska-klet.si\/trgovina\/wp-json\/wp\/v2\/types\/product"}],"wp:featuredmedia":[{"embeddable":true,"href":"https:\/\/www.ptujska-klet.si\/trgovina\/wp-json\/wp\/v2\/media\/5738"}],"wp:attachment":[{"href":"https:\/\/www.ptujska-klet.si\/trgovina\/wp-json\/wp\/v2\/media?parent=3488"}],"wp:term":[{"taxonomy":"product_brand","embeddable":true,"href":"https:\/\/www.ptujska-klet.si\/trgovina\/wp-json\/wp\/v2\/product_brand?post=3488"},{"taxonomy":"product_cat","embeddable":true,"href":"https:\/\/www.ptujska-klet.si\/trgovina\/wp-json\/wp\/v2\/product_cat?post=3488"},{"taxonomy":"product_tag","embeddable":true,"href":"https:\/\/www.ptujska-klet.si\/trgovina\/wp-json\/wp\/v2\/product_tag?post=3488"}],"curies":[{"name":"wp","href":"https:\/\/api.w.org\/{rel}","templated":true}]}}